+ 2 + 16 - 34.
-14
Evaluate -3 - 2 - (-13 - (45 - 39)).
14
(0 - -1) + ((-13 - -32) + -3 - 20) + 130
127
Evaluate -10 - (5 + -5 - (24 + -39)).
-25
-33 + 21 + 7 + (-2 - -8) - 64
-63
-7 + -1 + 22 + (-28 - -30 - 22)
-6
Evaluate -3 - (-9 - (-15 - (-4 - (0 + 10)))).
5
What is 66 + -3 + (-14 + 0 - 6)?
43
Calculate 0 - 49 - (5746 + -5849).
54
Calculate 2 + -3 - 34 - (-525 - -502).
-12
(25 - 27) + 1 + -40 + (7 - 21)
-55
What is the value of 20 + (23 + -11 + -1 - 23) + (-53 - -2)?
-43
Evaluate 311 - 246 - (8 + 22).
35
What is -8 + (-26 - -69) + -29?
6
(-9 - 48) + 48 + 2
-7
Evaluate 2 + (-17 + 20 + -14 - (-5 - 0)).
-4
Calculate -24 + 20 + (22 - 8).
10
Calculate 3 - (-2 + 5 + (-4 - 0)) - (953 - 1003).
54
10 - ((-6 - -3) + -45 - 10)
68
9 + -3 - 12 - -2 - (3 + 10)
-17
What is (1 + 10 - (21 - ((-16 - -15) + 16))) + 37?
42
-4 + -1 + -26 + 5 + 4 + (2 - 9)
-29
31 - -21 - (74 - 62)
40
6 + -2 + -72 + 133 + (-9 - -11 - 3)
64
Calculate (7 - -8) + -9 + -1 - (0 + -8 - -107).
-94
-88 - (88 + (-30 - 201))
55
56 + -3 + (-325 - -221)
-51
What is 55 + -61 + 32 + -68?
-42
What is the value of -2 + (-3 - (-29 - (7 + -4)) - -7 - -8)?
42
Evaluate (5 - 13) + -56 + (6 - (-4 + -2)) + -6.
-58
(1 + -11 - -1 - -5) + (-1 - 0) + -9
-14
What is the value of -146 - (-15 + (-27 - -48) + (-15 - -4) + 8)?
-149
What is the value of (1 - (0 - (-1 - -6))) + (-135 + -349 - -493)?
15
What is -14 + (13 - -18) + -52?
-35
What is (22 - 165) + 67 + (-4 - -2) + 0 + 12?
-66
(32 + -31 - (-7 + 0)) + -22
-14
What is the value of 56 + (-21 - (-52 + 113))?
-26
What is -3 + (2 + -7 + 9 + (-7 - -4) - -23)?
21
Calculate (481 + -58 - 309) + -3 + -1.
110
Evaluate (1 + 0 - (-22 + 24 + -12) - 40) + -13.
-42
What is -18329 + 18345 + -125 + 1 + 1?
-107
What is -63 + (0 - (-8 - 1)) - (-12 - (1 + -2))?
-43
What is (-1 + 2 - -12) + 3 + -3 + -8 - -25?
30
19 + (-30 - -16) + (-2 + 1 - (0 - -26))
-22
What is the value of 13 + 1 - ((-85 - -115) + -45)?
29
What is 15 + -9 + (-2 - (-25 + 28))?
1
Evaluate (-11 - -5) + (115 - 8) + -52 + 45.
94
What is (3 + 0 + -3 - 34) + 42 + (-10 - 41)?
-43
What is the value of 4 - (2 - 7) - (10 + (46 - 74))?
27
Evaluate 1 + -50 + -9 + (4 - (-12 - -5) - 11).
-58
Evaluate (-1 - -12) + (40 - (101 + -77)).
27
-258 + (133 - 34) - -118
-41
What is 3 - -5 - ((-9 + 7 - 32) + 7)?
35
Evaluate 84 - 85 - -140 - 110.
29
Calculate 21 + -121 + 58 + (-2 - -15).
-29
Evaluate (-2 + 5 - -10) + (68 - 99 - -45).
27
What is the value of 51 + (-10 - (-3 - 1 - (-36 + 36)))?
45
(-100 - 2) + 0 + (-39 - (-94 + 68))
-115
((-14 - 4) + 3 - -37) + -50
-28
1 + 32 + 124 + (70 - 278)
-51
What is the value of 7 + (5 - 2 - (-36 + 36) - -42 - 2)?
50
(-13 + 8 - 23) + 2 + -2 - (60 - 63)
-25
What is 57 + -18 + 11 + -10 + (0 - -9)?
49
Evaluate 23 + (3 - (9 - (-16 - -18))).
19
What is the value of (21 - (-10 - (-36 - -7))) + 46?
48
What is 6 + 0 + (-3 - -1) - (647 + -596)?
-47
Evaluate -3 + (-6 - (-12 - -6)) + 9 + -9.
-3
5 + -48 + 16 + 11 - (-5 + -3) - -58
50
Evaluate (1 + 0 + -36 + 25 - -82) + 5.
77
What is (-11 - (1 + 10 - 20) - 1) + -67?
-70
Calculate (2 - -29) + 14 + (-27 + (32 - 27) - 6).
17
What is (12 - (0 - -14)) + (150 - 18 - 25)?
105
What is 6 - (1 + -4 + 7) - (21 + -5 - 76)?
62
Calculate 0 + 9 + -179 + 189 - -1.
20
Evaluate -6 + (45 + -23 - 20) + 15.
11
9 - -1 - (5 + (8 - (4 + -7)))
-6
-6 - ((-51 - -134) + -11 + 2) - 3
-83
Calculate 0 + 9 - (1187 + -1199).
21
What is the value of -59 + (13 - (-6 + -60))?
20
Evaluate 10 - -51 - (2 + (59 - 66)).
66
Calculate 28 + (13 - (22 - -29)).
-10
Calculate (0 - 15) + (-5 + -37 - -61) + (-31 - -4).
-23
Evaluate -66 + (-3 - (-11 - (-21 + 13 + 7))).
-59
Calculate (-12 + (-36 - -46) - -63) + 2.
63
What is the value of 15 + (347 - 332) + 0 + (-10 - 0)?
20
(2 - 1 - -11) + -3377 + 3307
-58
287 + -240 + -15 + 2 - -7
41
Evaluate 1 - (-7 - -2) - ((-77 - -38 - -32) + 15).
-2
Evaluate 9 - (-4 - -20) - (28 - (27 + -1)).
-9
(-31 - (1 - 18)) + -4 + -4
-22
Calculate 177 - ((24 - -40) + 25).
88
What is 17 + -10 + (14 - 12) + 13?
22
Calculate -43 - -26 - (-18 + -12) - (-2 - -10).
5
What is (-78 - -21) + 138 - (-1 - 5 - 3)?
90
Calculate -3 + 3 + -13 + (-1 - (1 - (-10 + 25))).
0
Calculate (-51 - (-91 + 28 - -28)) + 87.
71
What is -51 + (26 - (-17 - -51) - (-19 - 2))?
-38
(-39 - -31 - (0 + -12) - -22) + (63 - 53)
36
What is -19 - (-25 - (136 - 105))?
37
-27 - (-124 - (-41 - 43))
13
What is the value of -17 - (-60 + 20 + -25 + -9 + -1)?
58
What is (4 + -30 - 22) + 34?
-14
What is the value of 163 + (-325 + -103 - -134)?
-131
What is (66 - (-16 - -9 - -5)) + 2 - (57 - 45)?
58
What is (16 - 37) + 1 - (-2 - (-2 - (0 + -10)))?
-10
Calculate (6 - -2 - (120 - 91) - -40) + -20.
-1
What is -4 - ((0 - -5) + (157 - 182)) - 12?
4
What is 0 - ((-170 - -231) + -19 + 3 + 3)?
-48
What is the value of (-20 - -161 - -18) + -267?
-108
79 + -1 + (-1363 - -1356)
71
Evaluate (-37 - 26 - -66) + 2 + 19 + 2.
26
-11 - (571 - 562 - (2 + 63))
45
Evaluate 12 + 8 - -3 - (2 + (8 - 13)).
26
726 + -769 - (-2 + 2 + 1)
-44
Calculate 273 - 279 - ((5 - 1) + -1 - (2 - -11)).
4
What is the value of (-3 - (-44 - -2) - 1) + (62 - 73)?
27
Calculate -4 + -23 + (28 - 34) + -25 - (0 - -3).
-61
(35 - 6) + (40 + -58 - -15)
26
What is the value of -1 - 15 - (-72 + (45 - -14)) - (44 + -1)?
-46
Calculate 69 - (30 - (-70 - -4)).
-27
Evaluate 170 - 80 - (9 - 3 - 3 - (37 + -38)).
86
What is 5 + (-12 + 17 - -11) + 0 + 11?
32
Calculate -118 + 97 - (1 - 5 - (-5 + 9)) - -62.
49
Calculate (25 - 57) + -7 - -49.
10
Calculate -11 + (0 - 9 - (-5 + -2)) + (53 - 49).
-9
Calculate (83 - 87 - (-2 + (0 - 1))) + 14 + 5.
18
What is the value of (883 - 884) + (2 - (0 + -18))?
19
Calculate 0 + -27 - (-349 - -327) - -9.
4
Evaluate 1 - -11 - (71 + -83 - (-34 - -5)).
-5
Calculate (58 - 58) + 73 - 51.
22
-9671 + 9724 + 2 + -126
-71
Calculate 118 - (-17 - -128) - (-1 - -3 - -13).
-8
What is the value of -6 + (2 - -4) + (61 - 127)?
-66
Calculate (-45 + 5 - -52) + (2 - (106 - 2)) + -13.
-103
(3759 - 3771) + (53 - -1)
42
What is the value of (-22 + -34 - -40) + 5 + -3 - (-157 + 0)?
143
What is the value of 9 - 1 - (6 - (17 - 30)) - 3?
-14
-242 + -104 + 369 - (-58 + -1)
82
Calculate 12 - (46 + (13 - 46 - 112)).
111
Calculate -1799 + 1807 - (-41 + 2).
47
Evaluate (-20 - (-43 + 33)) + -2 + -1 - 20.
-33
Evaluate -2 + -9 + 16 + -12 + 51 + -21.
23
What is the value of 3 + -8 + 16 + -8 + -3 + 11 + 0?
11
(-45 + 50 - -116) + (0 + 5 - 9)
117
-23 - ((25 + -15 - -2) + -38)
3
(79 - 11) + -58 + 28 + 56
94
Evaluate 76 - (160 - 19) - 27.
-92
What is the value of 4 - (0 + -1) - (-1142 - -1156)?
-9
-13 + (-11 - -132) + -6 + (11 + -1 - 13)
99
Calculate 49 + (-55 - -66 - (-3 - -6)).
57
What is the value of 3 + 21 + (7 - (4 - -24))?
3
Evaluate 7 + 73 + (0 - -24) - 6.
98
-64 + 168 - 142 - -12
-26
Evaluate -8 - (52 + -57 + 30 + -36).
3
What is the value of (-9 - (4 + -8)) + (-4 - (-5 + 6))?
-10
Evaluate -13 - 43 - (-31 - 4).
-21
Calculate -1 + (23 + -15 - (-4 - (-1 - 9))) + 5.
6
Calculate (-2 + -1 - (-2 - -1)) + (14734 - 14773).
-41
What is the value of (-1 - (-12 - 0)) + 0 + -1070 + (1470 - 536)?
-125
Evaluate 30 + (45 + -10 - 9).
56
Evaluate -62 + -12 + -2 + 3 - (-2 + -11).
-60
Evaluate (5 + 112 - 157) + -7 + 1.
-46
-2 + 14 - (47 - (-4 - -26) - (7 + 3))
-3
Evaluate -24 + (-135 + 216 - 134).
-77
-21 - -38 - (21 + (8 - 18) + (-2 - 0))
8
What is the value of -40 - (-26 + 10) - (-17 + -20)?
13
Evaluate 49 + -8 + (-33 - 6).
2
99 - (-63 - -73 - -62)
27
88 + -98 + (28 - 1) + (-3 - -66)
80
What is the value of (-17 - (76 - 76)) + -1 + 71?
53
What is (-36 - (30 + 68)) + 61?
-73
Evaluate -16 - (14 - (12 + (-16 - (-6 + -1)))).
-27
Calculate -143 + 15 + 5 + 11 + 28.
-84
What is the value of 2 + -8 + -1 + (-18 - -18) + (-1 - -9)?
1
Evaluate 55 - (200 - 116) - (-13 - 0).
-16
What is 1 + (-4 - -2 - (10 - 5)) + -6 - -44?
32
What is the value of 5 + 1 + -13 - (7 - 0 - 32)?
18
What is -1 + -11 + 4 + 1 + (-45 - (0 - 3))?
-49
What is the value of -29 - (67 + (-18 - 63))?
-15
-7 + 43 + 28 + -17
47
What is -1 - (1 + 7 + (45 - 62 - -29))?
-21
(2 - 10 - (54 + -60)) + (-9 + 19 - 10)
-2
0 + (-2 - 5) + -1 - -50 - 17
25
Calculate 5 + (2 - (-15 + 2) - (115 - 85)) - -108.
98
What is (42 - -1) + -73 + 95 - -10?
75
(8 - 12) + -12 - ((-9 - -53) + -45)
-15
What is 17 + ((-52 - -49) + 6 + 57 - -20)?
97
Calculate -164 + 119 - (1 + 